*a, 2*a - 2 = 3*y + 6*a. Let k = -1 + 0. Let j = k + y. What is the remainder when 1 is divided by j?
0
Let m(k) = -k**3 - 5*k**2 + 6. Let u be m(-5). Suppose -4*s = -0*s - 132. What is the remainder when s is divided by 33/2 - (-3)/u?
16
Calculate the remainder when 2/(13 + -1)*-2*-123 is divided by 9.
5
Let l = -1 + 2. Suppose 2*o - l = -3*i, 4*o + i - 1 + 4 = 0. Let j = 16 + o. Calculate the remainder when 29 is divided by j.
14
Suppose -51 - 103 = -2*u - 5*h, 2*u - 166 = h. Let v = -47 + u. Calculate the remainder when v is divided by 12.
11
Let h(u) be the first derivative of 4*u**2 + u + 6. Calculate the remainder when h(4) is divided by 7.
5
Calculate the remainder when 76 is divided by -3 - (-39 + (-3)/1).
37
Let v(n) = -9*n**2 - 6 + 0*n**2 - n**3 - 7*n - 3*n. Let m = 10 + 8. What is the remainder when m is divided by v(-8)?
8
Suppose 4*w + 5*y - 870 = 0, w + 5*y - 161 = 49. Suppose -3*o - 5 = -2*o, 0 = -5*j + o + w. What is the remainder when j is divided by 15?
13
Let p(b) = 5*b - 5. What is the remainder when 18 is divided by p(3)?
8
Suppose -g + 1 + 24 = 0. Let a = g + -8. Let b = 17 - 7. Calculate the remainder when a is divided by b.
7
Let k = -31 - -48. Suppose -10 - 114 = -4*h. Let p = -22 + h. What is the remainder when k is divided by p?
8
Suppose -8*t = -15*t + 98. What is the remainder when 39 is divided by t?
11
Let o = 58 + -46. Calculate the remainder when 83 is divided by o.
11
Suppose -47 = -4*v + 29. What is the remainder when v - (-2 - 2 - -2) is divided by 11?
10
Let j be (8/3)/((-4)/(-6)). Suppose -4*d + 5 = -0*x + x, -4*x - j*d + 8 = 0. What is the remainder when 2 is divided by x?
0
Suppose -6*s + 12 = -2*s. Let n(l) = -7*l - 3 + l**2 - 3 + l. Calculate the remainder when n(8) is divided by s.
1
Let u be 20/15*(-33)/2. Let d = -9 - u. What is the remainder when 37 is divided by d?
11
Suppose 0*p + 7*p - 938 = 0. What is the remainder when p is divided by 34?
32
Suppose -3*f + 169 = 3*i + f, 0 = -i + 3*f + 39. Suppose -2 = -2*s + 24. What is the remainder when i is divided by s?
12
Let k = -18 + 59. Let l(n) = n**3 - 2*n**2 + 2. Let b be l(2). What is the remainder when k is divided by (13 - b) + 9/3?
13
Let v(d) = 14*d**2. Suppose m = 2*m - 19. Suppose l - m - 7 = 0. What is the remainder when l is divided by v(-1)?
12
Suppose -t + 6*t + 67 = 3*s, s + 71 = -5*t. What is the remainder when (-11 + 1)/(4/t) is divided by 18?
17
Suppose 2*v - 5*r = 30, 0 = -v - v - 2*r + 30. Calculate the remainder when 27 is divided by v.
12
Let j(x) = -x**3 + 4*x**2 + 1. Let s be 20 - 4/(-6)*-3. Suppose -5*g = m - 11, 5*m + 3*g - s = -7. What is the remainder when m is divided by j(4)?
0
Let d = 130 + -42. Calculate the remainder when d is divided by -4*(84/(-8) - -3).
28
Let o(j) = j. Let w(s) = s. Let g(t) = -4*o(t) + 3*w(t). What is the remainder when g(-2) is divided by ((-4)/(-5))/((-4)/(-10))?
0
Let n(w) be the first derivative of w**2/2 + 4*w - 6. Suppose 5*q = 25, -4*m + 70 - 10 = 4*q. What is the remainder when 27 is divided by n(m)?
13
Let p = -116 + 169. Calculate the remainder when p is divided by 14.
11
Suppose -2*v - 10 = -2*r, -13 = -2*r + v + 2. Let n = -4 + r. Suppose -19 = -5*f + 3*j, -n = -5*f - 2*j + 23. What is the remainder when 14 is divided by f?
4
Let j be (-4)/(-10) + 268/5. Let x = j - 38. Calculate the remainder when x is divided by 9.
7
Let r be (3/6)/(1/22). Let k = -2 + r. Calculate the remainder when 16 is divided by k.
7
Let t(h) = 7*h**2 - 3*h - 4. Suppose 2*d + d = 0. Suppose 5*g + 0 - 10 = d. What is the remainder when t(-1) is divided by g?
0
Suppose 0 = -f + 4 + 3. Calculate the remainder when 9 is divided by f.
2
Let q(m) = -5*m - 2. Suppose -946 - 616 = -22*o. What is the remainder when o is divided by q(-4)?
17
Suppose 2*p = 9 + 3. Suppose -p*u + 5*u + 2 = 0. What is the remainder when 5 is divided by u?
1
Let c be ((-2)/4)/(1/(-22)). Suppose 0*s + c = s. Let r = 231 + -200. Calculate the remainder when r is divided by s.
9
Let g = -9 - -11. Suppose 14 = m + l, -m = -6*m + g*l + 35. What is the remainder when m is divided by 5?
4
Let u(k) = -k**3 + k**2 + 2*k + 4. What is the remainder when 66 is divided by u(-3)?
32
Suppose -2*a - 165 = -7*a. Calculate the remainder when a is divided by 9.
6
Let b = 1 - -4. What is the remainder when 1*(-17)/2*-2 is divided by b?
2
Suppose 4*b - 6*y + 2*y = 44, -13 = 2*b + 5*y. Let f(w) = w + 1. Calculate the remainder when 27 is divided by f(b).
6
Let o(v) = -v**2 - 17*v - 14. What is the remainder when o(-7) is divided by 19?
18
Let p(k) = -k**2 + 12*k + 7. What is the remainder when p(12) is divided by 5?
2
Suppose f + 7*a - 16 = 3*a, 4*f + a = 4. Suppose f = c + 2 - 3. Suppose -2*q + c = x, 21 = 3*x - q - 17. Calculate the remainder when 20 is divided by x.
9
Let u = 82 - 65. Let t(w) = 11*w**3 - 2*w**2 - 2*w + 2. Let i be t(2). Let g = i + -47. What is the remainder when g is divided by u?
14
Let c(p) = p**2 - 4*p - 8. What is the remainder when c(6) is divided by ((-4)/4)/((-3)/6)?
0
Let m = 10 - -10. Suppose -3*w - 2*w = m, 5*q + 5*w + 160 = 0. Let c = -16 - q. Calculate the remainder when 35 is divided by c.
11
Let s(k) = 3*k**2 - 12*k + 7. What is the remainder when s(5) is divided by 6?
4
Calculate the remainder when (-3)/3*(-2 + -9) is divided by 7.
4
Let u = 7 - 3. Suppose -27 - 89 = -u*i. Let o = 15 - 5. Calculate the remainder when i is divided by o.
9
Let z(j) = -13*j + 7. What is the remainder when z(-8) is divided by 28?
27
Let l be (-8)/(-14) + (-216)/(-63). Suppose -5*p = 5*w + 5, w + p + l = -p. Calculate the remainder when 5 is divided by w.
1
Suppose -5*l + 2 + 9 = 2*f, -3*f + 3*l = 15. Let w = -1 - f. Let p = w + 0. Calculate the remainder when 1 is divided by p.
0
Let v(g) = g**3 - 5*g**2 - g + 2. What is the remainder when v(6) is divided by 11?
10
Let z(o) = 29*o**2 + 6*o - 5. Calculate the remainder when z(2) is divided by 31.
30
Let m = 4 - 25. Let u = m - -48. Let z = -13 + u. Calculate the remainder when 27 is divided by z.
13
Suppose 2*a = 4*a - 10. Let v(k) = -8*k**2 + k + 1. Let r be v(-1). Let w = r - -16. Calculate the remainder when w is divided by a.
3
Suppose -5*c = -3*c - 2. Let t be c/(-1 + 162/159). Let u = t + -34. What is the remainder when u is divided by 10?
9
Let c = 41 + -29. What is the remainder when c is divided by 4?
0
Calculate the remainder when 46 is divided by (13 - (1 - 4))/1.
14
What is the remainder when (7 - -1)/(14/35) is divided by 12?
8
Let x(t) = -6*t + 1. Let r = 81 + -61. What is the remainder when r is divided by x(-1)?
6
Let d = 55 - 38. Calculate the remainder when d is divided by 5.
2
Let m = 78 - 35. Let q = m + -30. Let n(z) = z**2 - 7*z + 7. What is the remainder when n(9) is divided by q?
12
Suppose 0 = -o - 2*t - 14, 0*o - 3*o - 9 = -5*t. Let z = 29 + o. What is the remainder when z is divided by 8?
5
Calculate the remainder when ((-66)/9)/((-1)/6) is divided by 23.
21
Suppose 188 - 24 = 4*q. What is the remainder when q is divided by 8/(-24) - (-43)/3?
13
Suppose 6 = -q + 2*j, -4*j + j = -q - 10. Suppose -q*f + 21 = 3. Calculate the remainder when 12*2 - 9/(-9) is divided by f.
7
Let m(x) = x**3 + 8*x**2 + 5*x - 7. What is the remainder when 18 is divided by m(-7)?
4
Suppose 3*m = 173 - 59. Suppose -m = -4*v + 2. Calculate the remainder when v - (-2 + (2 - 2)) is divided by 7.
5
Suppose -5*g - 4*j + 70 = 0, 3*g + 2*g - 70 = -5*j. Suppose -3*r - k = -166, -5*k = 3*r + 32 - 202. Calculate the remainder when r is divided by g.
13
Suppose 4*z = 3*z + 28. Let i = 41 - z. What is the remainder when 22/(-165) - (-737)/15 is divided by i?
10
Suppose 0*l - 3*l = -18. Suppose -3 = -s + l. What is the remainder when 8 is divided by 9*6/s - 1?
3
Let k = -4 - -6. Let h = k - -2. What is the remainder when h is divided by 2?
0
Let p(x) = -x**3 + 10*x**2 - 7*x - 4. Calculate the remainder when 164 is divided by p(9).
10
Let t = 13 - 10. Suppose 0 = -t*y + 6*y - 9. What is the remainder when 8 is divided by y?
2
Let w = 16 - 10. Let b = -135 - -162. Calculate the remainder when b is divided by w.
3
Let n = 26 + -9. Calculate the remainder when n is divided by 9.
8
Let w be 5 - (-6 - -2)/(-2). Suppose 0*o = w*o - 75. Suppose 5*y = -0*y + 2*c + 71, y + 5*c = o. What is the remainder when y is div